{"id":238,"date":"2020-03-29T01:23:37","date_gmt":"2020-03-29T00:23:37","guid":{"rendered":"http:\/\/suitessanpablo.com\/?page_id=238"},"modified":"2021-05-20T16:38:11","modified_gmt":"2021-05-20T14:38:11","slug":"arenal","status":"publish","type":"page","link":"https:\/\/suitessanpablo.com\/index.php\/arenal\/","title":{"rendered":"Arenal"},"content":{"rendered":"\n<div class=\"wp-block-nextend-smartslider3\"><\/div>\n\n\n\n<div class=\"wp-block-group\"><div class=\"wp-block-group__inner-container\">\n<figure class=\"wp-block-table\"><table><tbody><tr><td><strong>35 m\u00b2<\/strong><\/td><td>4 hu\u00e9spedes<\/td><td>2 dormitorios<\/td><td>1 cama<\/td><td>1 ba\u00f1o<\/td><\/tr><\/tbody><\/table><\/figure>\n\n\n\n<p><strong>Alojamiento entero<\/strong> Dispondr\u00e1s de toda la vivienda (apartamento) para ti.<\/p>\n\n\n\n<p><strong>Piscina<\/strong> Este es uno de los pocos lugares de la zona que cuenta con este servicio. <\/p>\n\n\n\n<p><strong>Buena comunicaci\u00f3n<\/strong> Un 100\u00a0% de los hu\u00e9spedes m\u00e1s recientes ha valorado a Tratega con 5 estrellas en comunicaci\u00f3n. <\/p>\n<\/div><\/div>\n\n\n\n<p class=\"has-medium-font-size\"><strong>Instalaciones del apartamento<\/strong><\/p>\n\n\n\n<div class=\"wp-block-columns\">\n<div class=\"wp-block-column\">\n<ul><li>Toda la unidad en la planta baja<\/li><li>&nbsp;Toda la unidad accesible en silla de ruedas<\/li><li>&nbsp;Armario<\/li><li>&nbsp;Apartamento privado en edificio<\/li><li>&nbsp;Aire acondicionado<\/li><li>&nbsp;Caja fuerte<\/li><li>&nbsp;Suelo de madera o parquet<\/li><li>&nbsp;Insonorizaci\u00f3n<\/li><li>&nbsp;Entrada privada<\/li><li>&nbsp;Plancha para ropa<\/li><li>&nbsp;Calefacci\u00f3n<\/li><li>&nbsp;Cocina<\/li><li>&nbsp;Lavadora<\/li><li> Tendedero <\/li><li>Control de acceso autom\u00e1tico mediante teclado n\u00famerico<\/li><\/ul>\n<\/div>\n\n\n\n<div class=\"wp-block-column\">\n<ul><li>&nbsp;Trona<\/li><li>&nbsp;Nevera<\/li><li>&nbsp;Cafetera<\/li><li>&nbsp;Microondas<\/li><li>&nbsp;Utensilios de cocina<\/li><li>&nbsp;Zona de cocina<\/li><li>&nbsp;Hervidor el\u00e9ctrico<\/li><li>&nbsp;Tostadora<\/li><li>&nbsp;Sof\u00e1<\/li><li>&nbsp;TV<\/li><li>&nbsp;TV de pantalla plana<\/li><li>&nbsp;Enchufe cerca de la cama<\/li><li>&nbsp;Perchero<\/li><li>&nbsp;Sof\u00e1 cama<\/li><\/ul>\n<\/div>\n<\/div>\n\n\n\n<p class=\"has-medium-font-size\"><strong>En el ba\u00f1o privado<\/strong><\/p>\n\n\n\n<div class=\"wp-block-columns\">\n<div class=\"wp-block-column\">\n<ul><li>Ropa de cama<\/li><li>&nbsp;Secador de pelo<\/li><li>&nbsp;Papel higi\u00e9nico<\/li><\/ul>\n<\/div>\n\n\n\n<div class=\"wp-block-column\">\n<ul><li>&nbsp;Art\u00edculos de aseo gratis<\/li><li>&nbsp;Ba\u00f1era o ducha<\/li><li>&nbsp;Toallas<\/li><\/ul>\n\n\n\n<p><\/p>\n<\/div>\n<\/div>\n\n\n\n<p class=\"has-medium-font-size\"><strong>Normas<\/strong><\/p>\n\n\n\n<div class=\"wp-block-columns\">\n<div class=\"wp-block-column\">\n<ul><li>Prohibido fumar<\/li><li>No se admiten fiestas o eventos<\/li><\/ul>\n<\/div>\n\n\n\n<div class=\"wp-block-column\">\n<ul><li>No se admiten mascotas<\/li><\/ul>\n<\/div>\n<\/div>\n\n\n\n<p class=\"has-medium-font-size\"><strong>Otras cosas que debes tener en cuenta<\/strong><\/p>\n\n\n\n<ul><li>No se puede aparcar en el alojamiento &#8211; Se puede aparcar en vaios parking publicos a unos 3 minutos, asi como en la zona mediante pago por horario.<\/li><li>Fianza: si se producen da\u00f1os en el alojamiento, podr\u00edamos cobrarte hasta 100\u20ac<\/li><li>Hay dispositivos de vigilancia o grabaci\u00f3n en la propiedad &#8211; Sistema de videovigilancia en las zonas de paso y entrada.<\/li><\/ul>\n\n\n\n<p class=\"has-medium-font-size\"><strong>Servicios<\/strong><\/p>\n\n\n\n<figure class=\"wp-block-gallery columns-1 is-cropped\"><ul class=\"blocks-gallery-grid\"><li class=\"blocks-gallery-item\"><figure><img loading=\"lazy\" width=\"1024\" height=\"632\" src=\"http:\/\/suitessanpablo.com\/wp-content\/uploads\/2020\/04\/servicios-1024x632.png\" alt=\"\" data-id=\"294\" data-full-url=\"http:\/\/suitessanpablo.com\/wp-content\/uploads\/2020\/04\/servicios.png\" data-link=\"http:\/\/suitessanpablo.com\/index.php\/arenal\/servicios\/\" class=\"wp-image-294\" srcset=\"https:\/\/suitessanpablo.com\/wp-content\/uploads\/2020\/04\/servicios-1024x632.png 1024w, https:\/\/suitessanpablo.com\/wp-content\/uploads\/2020\/04\/servicios-300x185.png 300w, https:\/\/suitessanpablo.com\/wp-content\/uploads\/2020\/04\/servicios-768x474.png 768w, https:\/\/suitessanpablo.com\/wp-content\/uploads\/2020\/04\/servicios-908x560.png 908w, https:\/\/suitessanpablo.com\/wp-content\/uploads\/2020\/04\/servicios.png 1256w\" sizes=\"(max-width: 1024px) 100vw, 1024px\" \/><\/figure><\/li><\/ul><\/figure>\n\n\n\n<p class=\"has-medium-font-size\"><strong>L\u00e9eme<\/strong><\/p>\n\n\n\n<figure class=\"wp-block-image size-large\"><img loading=\"lazy\" width=\"800\" height=\"915\" src=\"http:\/\/suitessanpablo.com\/wp-content\/uploads\/2020\/04\/leeme-2.png\" alt=\"\" class=\"wp-image-320\" srcset=\"https:\/\/suitessanpablo.com\/wp-content\/uploads\/2020\/04\/leeme-2.png 800w, https:\/\/suitessanpablo.com\/wp-content\/uploads\/2020\/04\/leeme-2-262x300.png 262w, https:\/\/suitessanpablo.com\/wp-content\/uploads\/2020\/04\/leeme-2-768x878.png 768w, https:\/\/suitessanpablo.com\/wp-content\/uploads\/2020\/04\/leeme-2-490x560.png 490w\" sizes=\"(max-width: 800px) 100vw, 800px\" \/><\/figure>\n\n\n\n<div class=\"wp-block-button\"><a class=\"wp-block-button__link\" href=\"https:\/\/www.booking.com\/hotel\/es\/san-pablo-35-apartments.es.html?label=gen173nr-1DCAsoRkIXc2FuLXBhYmxvLTM1LWFwYXJ0bWVudHNIClgEaEaIAQGYAQq4ARjIAQzYAQPoAQH4AQOIAgGoAgS4As_1o_IFwAIB;sid=b3e3e2a17773a7d0b484400b99349a5b;dist=0&amp;keep_landing=1&amp;sb_price_type=total&amp;type=total&amp;#room_615669501\" target=\"_blank\" rel=\"noreferrer noopener\">rEALIZAR RESERVA \u00abBOOKING\u00bb<\/a><\/div>\n","protected":false},"excerpt":{"rendered":"<p>Instalaciones del apartamento Toda la unidad en la planta baja &nbsp;Toda la unidad accesible en silla de ruedas &nbsp;Armario &nbsp;Apartamento privado en edificio &nbsp;Aire acondicionado &nbsp;Caja fuerte &nbsp;Suelo de madera o parquet &nbsp;Insonorizaci\u00f3n &nbsp;Entrada privada &nbsp;Plancha para ropa &nbsp;Calefacci\u00f3n &nbsp;Cocina &nbsp;Lavadora Tendedero Control de acceso autom\u00e1tico mediante teclado n\u00famerico &nbsp;Trona &nbsp;Nevera &nbsp;Cafetera &nbsp;Microondas &nbsp;Utensilios de &hellip; <a href=\"https:\/\/suitessanpablo.com\/index.php\/arenal\/\" class=\"more-link\">Continue reading<span class=\"screen-reader-text\"> \u00abArenal\u00bb<\/span><\/a><\/p>\n","protected":false},"author":1,"featured_media":204,"parent":0,"menu_order":0,"comment_status":"closed","ping_status":"closed","template":"template-full-width-grid-page.php","meta":[],"_links":{"self":[{"href":"https:\/\/suitessanpablo.com\/index.php\/wp-json\/wp\/v2\/pages\/238"}],"collection":[{"href":"https:\/\/suitessanpablo.com\/index.php\/wp-json\/wp\/v2\/pages"}],"about":[{"href":"https:\/\/suitessanpablo.com\/index.php\/wp-json\/wp\/v2\/types\/page"}],"author":[{"embeddable":true,"href":"https:\/\/suitessanpablo.com\/index.php\/wp-json\/wp\/v2\/users\/1"}],"replies":[{"embeddable":true,"href":"https:\/\/suitessanpablo.com\/index.php\/wp-json\/wp\/v2\/comments?post=238"}],"version-history":[{"count":39,"href":"https:\/\/suitessanpablo.com\/index.php\/wp-json\/wp\/v2\/pages\/238\/revisions"}],"predecessor-version":[{"id":532,"href":"https:\/\/suitessanpablo.com\/index.php\/wp-json\/wp\/v2\/pages\/238\/revisions\/532"}],"wp:featuredmedia":[{"embeddable":true,"href":"https:\/\/suitessanpablo.com\/index.php\/wp-json\/wp\/v2\/media\/204"}],"wp:attachment":[{"href":"https:\/\/suitessanpablo.com\/index.php\/wp-json\/wp\/v2\/media?parent=238"}],"curies":[{"name":"wp","href":"https:\/\/api.w.org\/{rel}","templated":true}]}}